luate 10 - (5 - (7 - 8)).
4
Calculate 8 + -6 - 2 - 4.
-4
What is -1 + (4 - 3) + 0 - -1?
1
Evaluate -3 + -9 + (9 - 6) + 3.
-6
What is -1 + -4 + (2 - -4)?
1
Calculate 5 - 1 - (13 + -12).
3
What is -6 + (2 - -3 - 3)?
-4
4 - (5 + -2) - (2 + -4)
3
Evaluate -5 + (16 - (19 + -14)).
6
-4 - (-6 + -2 + 11)
-7
What is the value of 150 - 148 - (6 - -1)?
-5
Calculate 0 + -2 + -3 + 1 + 0.
-4
What is -1 - (2 - 0) - -5?
2
3 + -5 + 1 + 1 + 1
1
What is the value of -3 - (3 + (0 - 3))?
-3
3 - (-4 - ((7 - 1) + -6))
7
Evaluate -17 + 13 - (-12 - -2).
6
What is -9 - -4 - -2 - 5 - -6?
-2
What is 8 + -18 + 7 - (1 - 0)?
-4
Evaluate 10 + -5 - (16 - 5).
-6
Evaluate -7 - (1 - (-3 + 11 + 2)).
2
Evaluate (-1 - (-2 - -1)) + 3 + -6.
-3
Calculate (-9 - 1) + 13 + 5.
8
Calculate 7 + (-2 - -3) + -5.
3
Calculate -10 - (9 + -22) - (1 + -1).
3
Evaluate (-6 - (-4 - -5)) + 3.
-4
Calculate (3 + -1 - 2) + 9 + -4.
5
Evaluate 3 + -1 + (-9 + 3 - -4).
0
What is the value of 0 + (1 - -3) + 0?
4
What is the value of -1 - -4 - 9 - -10?
4
Evaluate (9 - (6 - 3)) + -2 - 9.
-5
What is -3 + (14 - -1) + -9?
3
Calculate 0 + -6 - -4 - -5.
3
-9 - -8 - (-1 - -7)
-7
Calculate -5 + 2 + (2 - -1) - 4.
-4
5 + -9 - (-3 - 1)
0
What is 0 + (-4 - -9 - 5) + 3?
3
What is 1 + -1 + 21 + -21?
0
Evaluate -4 + 4 + -4 + -1.
-5
What is the value of -7 + (-3 - 0) + (-35 - -42)?
-3
What is (4 - -1) + -5 - 0?
0
What is the value of 14 + -1 - 6 - (-1 + 3)?
5
(1 - (-2 - -7)) + 7
3
What is the value of 3 - (18 + -7 - 3)?
-5
What is the value of (6 - (7 + -5)) + -3?
1
0 + -1 + -1 + 14 + -9
3
Evaluate (-3 - (-2 - 5)) + -1 - 3.
0
What is -2 - (-9 + 9 - 3)?
1
What is the value of 11 + -2 + -20 + 15?
4
What is the value of -11 - (0 - (11 + -3))?
-3
What is the value of 1 + (3 - (0 + (5 - 2)))?
1
What is 11 + -4 + -3 + -3 + 3?
4
Evaluate -5 + 5 - -5 - 1.
4
What is the value of -6 - (6 + -4 + 3 - 16)?
5
Calculate (-8 - -5) + -6 - -10.
1
Calculate (0 - 1) + -4 + 1 + 1.
-3
Calculate 1 - (-12 + 10) - 5.
-2
What is -3 + -4 + 8 + 0?
1
What is the value of (2 - -6) + (-7 + 2 - -1)?
4
Calculate (6 - 4) + 5 + -4.
3
17 + -6 + -8 - 1
2
Evaluate 1 + 4 + 0 + 0 - 7.
-2
What is the value of 1 + -1 + (10 - 13) - 3?
-6
What is (0 - -2) + -2 + -5?
-5
What is 13 - (-1 - -4) - 5?
5
Evaluate (3 - 4) + 4 - (2 - -1).
0
Evaluate -1 + 0 - (-4 - 2).
5
Evaluate 2 + (3 - (4 + 2)) + -1.
-2
Evaluate 5 + 1 + (-232 - -235).
9
What is 4 - (-7 + 7) - (9 - -1)?
-6
6 + 0 + 4 + -7
3
What is the value of 2 - (-22 - -26 - (1 - 2))?
-3
Calculate -1 - ((2 - (0 - 2)) + 0).
-5
-2 + (1 + -3 - -6)
2
What is the value of -1 + (18 - 26) - (-20 + 0)?
11
What is the value of (-2 - 1 - -3 - -1) + 3?
4
What is 7 - (1 + (-5 - -6)) - 4?
1
Calculate 0 - -3 - (-2 - (-2 + 2)).
5
13 - (-7 + (0 + 21 - 7))
6
0 + -1 + (3 - 1)
1
What is -1 - (-7 - (-4 + -6))?
-4
What is -2 + -11 + 10 + 3?
0
What is the value of -3 + (-2 - -1) + 76 + -73?
-1
Calculate -12 + 2 - (-14 + 4 + 6).
-6
6 + -7 + -4 + 1
-4
Evaluate (-1 + -17 - -11) + 2.
-5
Evaluate -3 - 0 - ((-17 - -10) + 6).
-2
What is -6 - -1 - (-18 + 13)?
0
What is -287 + 291 + (-5 - 1)?
-2
Calculate (0 - (5 - 1 - 1)) + -1.
-4
Evaluate 1 + (4 - (-4 + 4)).
5
Calculate 2 + -6 - -3 - -1.
0
2 + 4 + (-12 - -6) + -3
-3
What is 55 + -50 + (-1 - -1) - 6?
-1
What is 1 + 2 - 1 - (-3 - -1)?
4
Calculate -20 + -4 + 9 + 11.
-4
4 - (1 - -2 - 0)
1
What is the value of (4 - 4 - 10) + 5?
-5
Evaluate -3 + -2 + -16 + 18.
-3
Evaluate -4 + 7 + 1 + -3.
1
What is -8 - (2 - (-2 - -6))?
-6
-7 + 8 - (3 + -1) - 7
-8
What is (0 - 1) + 18 + -18?
-1
What is -4 + (12 - -1) - 4?
5
Calculate -3 + 6 + (23 - 23).
3
What is 0 + (6 - (-2 - -6)) + -3?
-1
What is the value of -11 + 6 - (1 + (-2 - -1))?
-5
Calculate -2 + -4 + 0 + 1.
-5
Evaluate -6 + (3 - -1) + (-2 - 1).
-5
What is 29 + -31 + (-3 - (-1 + 0))?
-4
Evaluate 8 + -1 + 11 + (21 - 46).
-7
(13 + 4 - 7) + -3 + -1
6
What is (-4 - 0) + (5 - 4)?
-3
Evaluate 4 + -6 - (0 + (5 - 7)).
0
2 + 1 + -3 + -1 + 4
3
Evaluate 1 + -1 - (6 - 7) - 2.
-1
Evaluate (10 - (-1 + -3)) + -10.
4
63 - 55 - (0 - 4) - 5
7
Calculate 14 - (5 - -6) - (-2 + 8).
-3
Calculate -51 - -64 - (2 - -4).
7
What is 4 - (1 - (4 + -5))?
2
What is -2 + -11 + (-1 - -9)?
-5
What is (3 + -4 - -7 - 3) + 1?
4
Evaluate (2 - -1) + -3 - 2 - -1.
-1
What is the value of -2 + 5 + -2 - (-1 + -2)?
4
Calculate -7 + 1 - (44 + -49).
-1
What is the value of -8 - (-5 - (0 - (5 - 5)))?
-3
Evaluate -3 + 3 + (3 - 2 - 1).
0
Evaluate 4 - 2 - (0 + 3) - -5.
4
Evaluate 1 + 5 + (-14 - (2 - 11)).
1
What is -2 - (-1 + (-1 - (-1 + -1)))?
-2
What is (-3 + -3 - (16 - 30)) + -14?
-6
Evaluate 5 + -5 + -4 + -2.
-6
What is the value of 1 + (-4 - (3 + -4)) + 1?
-1
1 + 6 + -5 + -2
0
Calculate 8 - (28 - 6) - -10.
-4
Evaluate (9 - (9 - (3 - 0))) + -2.
1
Evaluate -5 - (-3 - 6) - 4.
0
What is (-1 - (-2 - -8)) + 4?
-3
What is -1 + 8 - (-17 - -22) - -2?
4
What is the value of (-6 - (2 + -2)) + (-2 - -5)?
-3
What is the value of -3 + 12 + -11 + (-2 - 0)?
-4
Calculate 10 - (12 + (-1 - 0)).
-1
What is (-2 - 8 - -1) + 8?
-1
What is -6 + -1 + (-236 - -240)?
-3
-4 + -2 + (1 - (-1 - 0))
-4
Evaluate -1 + (14 - 13) + (2 - 3).
-1
Calculate -2 + (-2 - -8) - -2.
6
What is 1 + (-3 + 7 - 1) + 1?
5
5 + -1 + 8 + -10
2
What is the value of (2 - (-9 - -6)) + -10?
-5
What is the value of (-23 - -20) + (0 - (1 + -2))?
-2
Calculate -2 + -3 - (-1 - (1 + 2)).
-1
Calculate -2 - (4 - 5 - -4).
-5
What is (21 - 17) + (-5 - -1) - 7?
-7
Evaluate -8 - (-11 + (9 - 4)).
-2
What is -1 - (0 - 1) - (-4 - -1)?
3
What is the value of (-4 - -3) + 0 + -2?
-3
-1 - (-11 - -9) - -6
7
What is 1 + -7 + -1 + -2 + 0?
-9
Evaluate -12 + 14 + (10 - 13).
-1
What is the value of 1 - 0 - (7 + -12)?
6
What is 5 - ((10 - 1) + (-22 - -22))?
-4
What is (-7 - -1) + (35 - 23) + 1?
7
What is the value of (5 - 4) + -4 + (4 - 3)?
-2
What is the value of 6 + (1 - 8) + 1 - 6?
-6
What is 10 + (-1 - (-7 + 10))?
6
3 - (1 + 2 - (-2 - 0))
-2
Calculate (9 - 3 - 3) + (-9 - -4).
-2
What is the value of 0 + 3 + 9 + -23?
-11
What is -5 - (6 + -1 + 4 + -7)?
-7
What is the value of 3 - (3 + 2 + -2) - -1?
1
What is the value of -1 + (12 - (2 - -2)) + -2?
5
What is the value of 1 + 3 + -1 + 8 + -11?
0
What is the value of (-14 - -4) + (2 - 0) + 3?
-5
What is (-12 - -5) + -10 + 14?
-3
What is (0 - 0) + 2 - (1 + -3)?
4
Evaluate 0 - (2 + (-4 - -4) + 1).
-3
What is -2 + (5 - 0) - -2?
5
Calculate 8 + (0 - -8 - (-22 + 32)).
6
Evaluate -3 + 8 + -4 + 9 + 1.
11
What is the value of 1 + -1 + 3 + -10 + 12?
5
Evaluate -1 + (4 + 3 + -4 - 1).
1
93 + -102 - (-1 - 16)
8
Evaluate 16 - 24 - ((5 - 9) + 0).
-4
Evaluate -4 - -1 - -3 - (-44 - -46).
-2
What is the value of (10 - 5) + 1 - 8?
-2
Calculate (0 - (0 + -12)) + -6.
6
What is -1 + (3 - 4) + (6 - 3)?
1
Evaluate 4 - 2 - (30 - 34).
6
Calculate 4 - ((4 - 10) + 6 - 0).
4
What is -3 + 1 + 4 + -7 - 6?
-11
What is 10 - (2 + 3) - (-1 + 4)?
2
What is -1 + 4 + -6 + 3?
0
What is the value of (-2 - 0) + 6 + 1 - 5?
0
Evaluate -8 - (8 + -25 + 9).
0
Calculate (-2 - -1) + 7 + -2.
4
Evaluate (11 - (3 + -3)) + -10.
1
-1 + (-4 - -5) - (4 + -1)
-3
What is 7 + -6 + 2 + -1?
2
What is 1 + 10 + 18 + -22?
7
Evaluate 9 + -23 + (12 - 4).
-6
What is 0 - (7 - 12 - (-3 + 3))?
5
0 - -2 - (-44 - -42)
4
What is -8 + 2 - (4 + -5)?
-5
Evaluate 0 - ((-1 - -3 - 4) + -1).
3
What is the value of -9 + 0 + 3 + 16 + -11?
-1
What is 1 - 5 - (14 + (11 - 31))?
2
What is 0 + 1 + (-57 - -57) - 0?
1
Calculate 8 + -9 + (1 - 2).
-2
What is the value of 2 - (-4 + 3 - -2)?
1
What is the value of -7 + -2 - (-27 - -21)?
-3
What is -3 + (2 - (4 + -4))?
-1
6 + (5 + 0 + -1 - 17)
-7
What is the value of 121 + -113 - (0 + 0)?
8
Calculate 1 - -1 - ((-3 - -1) + -1).
5
What is the value of 2 - 4 - (1 - 0)?
-3
What is the value of -5 + 7 + (-5 - -1)?
-2
What is 0 + (-1 - 3) + (-4 - -10)?
2
(5 - 9) + 5 - 4
-3
Calculate -17 + 14 + -3 - (1 - -1).
-8
Calculate (4 + 1 - (1 - 1)) + -11.
-6
-7 - (-27 - -11 - -5)
4
What is the value of 10 + -7 + -1 + -2?
0
What is -8 - (-1 + -18) - 9?
2
Calculate -2 + 5 + 5 + (0 - 6).
2
What is the value of (16 - 3) + -12 + 3?
4
1 - (0 - -9 - 8)
0
What is 1 - (3 - (-5 - -11)) - 6?
-2
What is (0 - 1 - -3) + -1 + -1?
0
Calculate (0 - -5) + -3 - (6 - 2).
-2
Evaluate 8 + (-10 - -4) - (4 + 1).
-3
What is the value of (3 - (4 + -1)) + 3 + -1?
2
Evaluate 9 + -7 + (3 - 2).
3
What is -2 + 1 - (29 - 22)